{"id":288,"date":"2021-12-28T11:24:34","date_gmt":"2021-12-28T11:24:34","guid":{"rendered":"https:\/\/sub.ratownictwo-wodne.com\/?page_id=288"},"modified":"2022-03-04T11:40:38","modified_gmt":"2022-03-04T11:40:38","slug":"obsluga-ratownicza","status":"publish","type":"page","link":"https:\/\/www.ratownictwo-wodne.com\/index.php\/obsluga-ratownicza\/","title":{"rendered":"Obs\u0142uga ratownicza"},"content":{"rendered":"<div data-colibri-id=\"288-c1\" class=\"style-669 style-local-288-c1 position-relative\">\n  <!---->\n  <div data-colibri-component=\"section\" data-colibri-id=\"288-c2\" id=\"custom\" class=\"h-section h-section-global-spacing d-flex align-items-lg-center align-items-md-center align-items-center style-670 style-local-288-c2 position-relative\">\n    <!---->\n    <!---->\n    <div class=\"h-section-grid-container h-section-boxed-container\">\n      <!---->\n      <div data-colibri-id=\"288-c3\" class=\"h-row-container gutters-row-lg-2 gutters-row-md-2 gutters-row-0 gutters-row-v-lg-2 gutters-row-v-md-2 gutters-row-v-2 style-671 style-local-288-c3 position-relative\">\n        <!---->\n        <div class=\"h-row justify-content-lg-center justify-content-md-center justify-content-center align-items-lg-stretch align-items-md-stretch align-items-stretch gutters-col-lg-2 gutters-col-md-2 gutters-col-0 gutters-col-v-lg-2 gutters-col-v-md-2 gutters-col-v-2\">\n          <!---->\n          <div class=\"h-column h-column-container d-flex h-col-lg-auto h-col-md-auto h-col-auto style-672-outer style-local-288-c4-outer\">\n            <div data-colibri-id=\"288-c4\" class=\"d-flex h-flex-basis h-column__inner h-px-lg-2 h-px-md-2 h-px-2 v-inner-lg-2 v-inner-md-2 v-inner-2 style-672 style-local-288-c4 position-relative\">\n              <!---->\n              <!---->\n              <div class=\"w-100 h-y-container h-column__content h-column__v-align flex-basis-100 align-self-lg-start align-self-md-start align-self-start\">\n                <!---->\n                <div data-colibri-id=\"288-c5\" class=\"h-text h-text-component style-673 style-local-288-c5 position-relative h-element\">\n                  <!---->\n                  <!---->\n                  <div class=\"\">\n                    <p>Ratownictwo Wodne sp. z o.o (dawniej Ratownictwo Wodne Filip Or\u0142owski) &#8211; jeste\u015bmy podmiotem uprawnionym do wykonywania ratownictwa wodnego nr 07\/2016.<\/p>\n                    <p>Zajmujemy si\u0119 przede wszystkim obs\u0142ug\u0105 ratownicz\u0105 p\u0142ywalni, aquapark\u00f3w, k\u0105pielisk letnich na \u015br\u00f3dl\u0105dziu oraz nad morzem Ba\u0142tyckim. Oferujemy tak\u017ce profesjonalne zabezpieczanie imprez na wodzie.<\/p>\n                    <p>W\u015br\u00f3d naszych partner\u00f3w znajduj\u0105 si\u0119 organizatorzy zawod\u00f3w p\u0142ywackich &#8222;Open Water&#8221;, triathlonowych czy specjalistycznych.<\/p>\n                    <p>Organizujemy szkolenia z zakresu ratownika wodnego, instruktora ratownictwa wodnego, instruktora p\u0142ywania, szkole\u0144 pierwszej pomocy oraz Kwalifikowanej Pierwszej Pomocy.<\/p>\n                  <\/div>\n                <\/div>\n              <\/div>\n            <\/div>\n          <\/div>\n        <\/div>\n      <\/div>\n    <\/div>\n  <\/div>\n<\/div>","protected":false},"excerpt":{"rendered":"<p>Ratownictwo Wodne sp. z o.o (dawniej Ratownictwo Wodne Filip Or\u0142owski) &#8211; jeste\u015bmy podmiotem uprawnionym do wykonywania ratownictwa wodnego nr 07\/2016. Zajmujemy si\u0119 przede wszystkim obs\u0142ug\u0105 ratownicz\u0105 p\u0142ywalni, aquapark\u00f3w, k\u0105pielisk letnich na \u015br\u00f3dl\u0105dziu oraz nad morzem Ba\u0142tyckim. Oferujemy tak\u017ce profesjonalne zabezpieczanie imprez na wodzie. W\u015br\u00f3d naszych partner\u00f3w znajduj\u0105 si\u0119 organizatorzy zawod\u00f3w p\u0142ywackich &#8222;Open Water&#8221;, triathlonowych czy [&hellip;]<\/p>\n","protected":false},"author":1,"featured_media":0,"parent":0,"menu_order":0,"comment_status":"closed","ping_status":"closed","template":"page-templates\/full-width-page.php","meta":{"footnotes":""},"class_list":["post-288","page","type-page","status-publish","hentry"],"_links":{"self":[{"href":"https:\/\/www.ratownictwo-wodne.com\/index.php\/wp-json\/wp\/v2\/pages\/288","targetHints":{"allow":["GET"]}}],"collection":[{"href":"https:\/\/www.ratownictwo-wodne.com\/index.php\/wp-json\/wp\/v2\/pages"}],"about":[{"href":"https:\/\/www.ratownictwo-wodne.com\/index.php\/wp-json\/wp\/v2\/types\/page"}],"author":[{"embeddable":true,"href":"https:\/\/www.ratownictwo-wodne.com\/index.php\/wp-json\/wp\/v2\/users\/1"}],"replies":[{"embeddable":true,"href":"https:\/\/www.ratownictwo-wodne.com\/index.php\/wp-json\/wp\/v2\/comments?post=288"}],"version-history":[{"count":2,"href":"https:\/\/www.ratownictwo-wodne.com\/index.php\/wp-json\/wp\/v2\/pages\/288\/revisions"}],"predecessor-version":[{"id":916,"href":"https:\/\/www.ratownictwo-wodne.com\/index.php\/wp-json\/wp\/v2\/pages\/288\/revisions\/916"}],"wp:attachment":[{"href":"https:\/\/www.ratownictwo-wodne.com\/index.php\/wp-json\/wp\/v2\/media?parent=288"}],"curies":[{"name":"wp","href":"https:\/\/api.w.org\/{rel}","templated":true}]}}